{"id":12422,"date":"2020-12-16T13:27:02","date_gmt":"2020-12-16T12:27:02","guid":{"rendered":"https:\/\/www.comagricola.com\/prodotto\/farben\/"},"modified":"2021-05-31T09:58:49","modified_gmt":"2021-05-31T07:58:49","slug":"farben","status":"publish","type":"product","link":"https:\/\/www.comagricola.com\/de\/prodotto\/farben\/","title":{"rendered":"Farben"},"content":{"rendered":"[vc_row][vc_column width=&#8221;3\/12&#8243;][vc_column_text]\n<h4>Dosierung S\u00e4en<\/h4>\n<p>von 2 bis 4 gr\/qm[\/vc_column_text][\/vc_column][vc_column width=&#8221;9\/12&#8243;][vc_column_text]\n<table style=\"width: 100%; border-collapse: collapse; border-style: none;\" border=\"0\" cellspacing=\"0\" cellpadding=\"0\">\n<tbody>\n<tr>\n<td style=\"width: auto; padding-right: 20px; border-style: none; vertical-align: top;\">\n<h4>ZUSAMMENSETZUNG<\/h4>\n<\/td>\n<th style=\"width: auto; padding-right: 20px; border-style: none; vertical-align: top;\">\n<h4><\/h4>\n<\/th>\n<td style=\"width: auto; padding-right: 20px; vertical-align: top; border-style: none;\"><\/td>\n<\/tr>\n<tr>\n<td style=\"border-style: none; width: 33%; padding-right: 20px; vertical-align: top;\">Achillea millefolium<br \/>\nAdonis aestivalis<br \/>\nAlyssum maritimum\/Lobularia<br \/>\n<strong>Anthemis tinctoria<\/strong><br \/>\nAnthuyllis vulneraria<br \/>\nAntirrhinum majus<br \/>\n<strong>Bellis perennis<\/strong><br \/>\nCalendula officinalis<br \/>\n<strong>Centaurea cyanus mix<\/strong><\/td>\n<td style=\"border-style: none; width: 33%; padding-right: 20px; vertical-align: top;\"><strong>Cerastium tomentosum<\/strong><br \/>\nCheiranthus cheiri<br \/>\nChrysanthemum segetum<br \/>\nDianthus carthusianorum<br \/>\nGalium verum<br \/>\nHypericoum perforatum<br \/>\nLathyrus odoratus nain<br \/>\n<strong>Leucanthemum vulgare<\/strong><br \/>\nLinum perenne<\/td>\n<td style=\"border-style: none; width: 33%; padding-right: 20px; vertical-align: top;\"><strong>Linum grandiflorum<\/strong><br \/>\nLipinus perennis<br \/>\nMalva moschata<br \/>\nNigella sativa<br \/>\nPapaver rhoeas sauvage<br \/>\nRanunculus acris<br \/>\nSalvia pratensis<br \/>\n<strong>Saponaria ocymoides<\/strong><\/td>\n<\/tr>\n<\/tbody>\n<\/table>\n[\/vc_column_text][\/vc_column][\/vc_row]\n","protected":false},"excerpt":{"rendered":"<h3>\u00c4sthetik<\/h3>\n<p>Eine Mischung aus 26 Blumen, die gekonnt f\u00fcr Finesse und schillernde Farben kombiniert wurden. Dank der Widerstandsf\u00e4higkeit und leichten Anpassungsf\u00e4higkeit der verwendeten Essenzen ist sie f\u00fcr alle Arten von Gel\u00e4nde geeignet.<br \/>\nBen\u00f6tigt wenig Bew\u00e4sserung.<\/p>\n","protected":false},"featured_media":12423,"template":"","meta":{"inline_featured_image":false},"product_brand":[],"product_cat":[146,148],"product_tag":[],"class_list":{"0":"post-12422","1":"product","2":"type-product","3":"status-publish","4":"has-post-thumbnail","6":"product_cat-blumenwiese","7":"product_cat-ornamentalien","9":"first","10":"instock","11":"taxable","12":"shipping-taxable","13":"product-type-simple"},"yoast_head":"<!-- This site is optimized with the Yoast SEO plugin v25.3.1 - https:\/\/yoast.com\/wordpress\/plugins\/seo\/ -->\n<title>Farben - Comagricola Green Europe<\/title>\n<meta name=\"robots\" content=\"index, follow, max-snippet:-1, max-image-preview:large, max-video-preview:-1\" \/>\n<link rel=\"canonical\" href=\"https:\/\/www.comagricola.com\/de\/prodotto\/farben\/\" \/>\n<meta property=\"og:locale\" content=\"de_DE\" \/>\n<meta property=\"og:type\" content=\"article\" \/>\n<meta property=\"og:title\" content=\"Farben - Comagricola Green Europe\" \/>\n<meta property=\"og:description\" content=\"\u00c4sthetik Eine Mischung aus 26 Blumen, die gekonnt f\u00fcr Finesse und schillernde Farben kombiniert wurden. Dank der Widerstandsf\u00e4higkeit und leichten Anpassungsf\u00e4higkeit der verwendeten Essenzen ist sie f\u00fcr alle Arten von Gel\u00e4nde geeignet. Ben\u00f6tigt wenig Bew\u00e4sserung.\" \/>\n<meta property=\"og:url\" content=\"https:\/\/www.comagricola.com\/de\/prodotto\/farben\/\" \/>\n<meta property=\"og:site_name\" content=\"Comagricola Green Europe\" \/>\n<meta property=\"article:publisher\" content=\"https:\/\/it-it.facebook.com\/pages\/category\/Company\/Comagricola-Green-Europe-srl-1189465271123595\/\" \/>\n<meta property=\"article:modified_time\" content=\"2021-05-31T07:58:49+00:00\" \/>\n<meta property=\"og:image\" content=\"https:\/\/www.comagricola.com\/wp-content\/uploads\/2020\/12\/Couleurs.jpg\" \/>\n\t<meta property=\"og:image:width\" content=\"445\" \/>\n\t<meta property=\"og:image:height\" content=\"352\" \/>\n\t<meta property=\"og:image:type\" content=\"image\/jpeg\" \/>\n<meta name=\"twitter:card\" content=\"summary_large_image\" \/>\n<script type=\"application\/ld+json\" class=\"yoast-schema-graph\">{\"@context\":\"https:\/\/schema.org\",\"@graph\":[{\"@type\":\"WebPage\",\"@id\":\"https:\/\/www.comagricola.com\/de\/prodotto\/farben\/\",\"url\":\"https:\/\/www.comagricola.com\/de\/prodotto\/farben\/\",\"name\":\"Farben - Comagricola Green Europe\",\"isPartOf\":{\"@id\":\"https:\/\/www.comagricola.com\/de\/#website\"},\"primaryImageOfPage\":{\"@id\":\"https:\/\/www.comagricola.com\/de\/prodotto\/farben\/#primaryimage\"},\"image\":{\"@id\":\"https:\/\/www.comagricola.com\/de\/prodotto\/farben\/#primaryimage\"},\"thumbnailUrl\":\"https:\/\/www.comagricola.com\/wp-content\/uploads\/2020\/12\/Couleurs.jpg\",\"datePublished\":\"2020-12-16T12:27:02+00:00\",\"dateModified\":\"2021-05-31T07:58:49+00:00\",\"breadcrumb\":{\"@id\":\"https:\/\/www.comagricola.com\/de\/prodotto\/farben\/#breadcrumb\"},\"inLanguage\":\"de\",\"potentialAction\":[{\"@type\":\"ReadAction\",\"target\":[\"https:\/\/www.comagricola.com\/de\/prodotto\/farben\/\"]}]},{\"@type\":\"ImageObject\",\"inLanguage\":\"de\",\"@id\":\"https:\/\/www.comagricola.com\/de\/prodotto\/farben\/#primaryimage\",\"url\":\"https:\/\/www.comagricola.com\/wp-content\/uploads\/2020\/12\/Couleurs.jpg\",\"contentUrl\":\"https:\/\/www.comagricola.com\/wp-content\/uploads\/2020\/12\/Couleurs.jpg\",\"width\":445,\"height\":352},{\"@type\":\"BreadcrumbList\",\"@id\":\"https:\/\/www.comagricola.com\/de\/prodotto\/farben\/#breadcrumb\",\"itemListElement\":[{\"@type\":\"ListItem\",\"position\":1,\"name\":\"Home\",\"item\":\"https:\/\/www.comagricola.com\/de\/\"},{\"@type\":\"ListItem\",\"position\":2,\"name\":\"Shop\",\"item\":\"https:\/\/www.comagricola.com\/de\/shop\/\"},{\"@type\":\"ListItem\",\"position\":3,\"name\":\"Farben\"}]},{\"@type\":\"WebSite\",\"@id\":\"https:\/\/www.comagricola.com\/de\/#website\",\"url\":\"https:\/\/www.comagricola.com\/de\/\",\"name\":\"Green Europe Comagricola\",\"description\":\"Semi e Fertilizzanti\",\"publisher\":{\"@id\":\"https:\/\/www.comagricola.com\/de\/#organization\"},\"potentialAction\":[{\"@type\":\"SearchAction\",\"target\":{\"@type\":\"EntryPoint\",\"urlTemplate\":\"https:\/\/www.comagricola.com\/de\/?s={search_term_string}\"},\"query-input\":{\"@type\":\"PropertyValueSpecification\",\"valueRequired\":true,\"valueName\":\"search_term_string\"}}],\"inLanguage\":\"de\"},{\"@type\":\"Organization\",\"@id\":\"https:\/\/www.comagricola.com\/de\/#organization\",\"name\":\"COMAGRICOLA GREEN EUROPE SRL\",\"url\":\"https:\/\/www.comagricola.com\/de\/\",\"logo\":{\"@type\":\"ImageObject\",\"inLanguage\":\"de\",\"@id\":\"https:\/\/www.comagricola.com\/de\/#\/schema\/logo\/image\/\",\"url\":\"https:\/\/www.comagricola.com\/wp-content\/uploads\/2020\/12\/logo-comagricola.svg\",\"contentUrl\":\"https:\/\/www.comagricola.com\/wp-content\/uploads\/2020\/12\/logo-comagricola.svg\",\"width\":\"1024\",\"height\":\"1024\",\"caption\":\"COMAGRICOLA GREEN EUROPE SRL\"},\"image\":{\"@id\":\"https:\/\/www.comagricola.com\/de\/#\/schema\/logo\/image\/\"},\"sameAs\":[\"https:\/\/it-it.facebook.com\/pages\/category\/Company\/Comagricola-Green-Europe-srl-1189465271123595\/\"]}]}<\/script>\n<!-- \/ Yoast SEO plugin. -->","yoast_head_json":{"title":"Farben - Comagricola Green Europe","robots":{"index":"index","follow":"follow","max-snippet":"max-snippet:-1","max-image-preview":"max-image-preview:large","max-video-preview":"max-video-preview:-1"},"canonical":"https:\/\/www.comagricola.com\/de\/prodotto\/farben\/","og_locale":"de_DE","og_type":"article","og_title":"Farben - Comagricola Green Europe","og_description":"\u00c4sthetik Eine Mischung aus 26 Blumen, die gekonnt f\u00fcr Finesse und schillernde Farben kombiniert wurden. Dank der Widerstandsf\u00e4higkeit und leichten Anpassungsf\u00e4higkeit der verwendeten Essenzen ist sie f\u00fcr alle Arten von Gel\u00e4nde geeignet. Ben\u00f6tigt wenig Bew\u00e4sserung.","og_url":"https:\/\/www.comagricola.com\/de\/prodotto\/farben\/","og_site_name":"Comagricola Green Europe","article_publisher":"https:\/\/it-it.facebook.com\/pages\/category\/Company\/Comagricola-Green-Europe-srl-1189465271123595\/","article_modified_time":"2021-05-31T07:58:49+00:00","og_image":[{"width":445,"height":352,"url":"https:\/\/www.comagricola.com\/wp-content\/uploads\/2020\/12\/Couleurs.jpg","type":"image\/jpeg"}],"twitter_card":"summary_large_image","schema":{"@context":"https:\/\/schema.org","@graph":[{"@type":"WebPage","@id":"https:\/\/www.comagricola.com\/de\/prodotto\/farben\/","url":"https:\/\/www.comagricola.com\/de\/prodotto\/farben\/","name":"Farben - Comagricola Green Europe","isPartOf":{"@id":"https:\/\/www.comagricola.com\/de\/#website"},"primaryImageOfPage":{"@id":"https:\/\/www.comagricola.com\/de\/prodotto\/farben\/#primaryimage"},"image":{"@id":"https:\/\/www.comagricola.com\/de\/prodotto\/farben\/#primaryimage"},"thumbnailUrl":"https:\/\/www.comagricola.com\/wp-content\/uploads\/2020\/12\/Couleurs.jpg","datePublished":"2020-12-16T12:27:02+00:00","dateModified":"2021-05-31T07:58:49+00:00","breadcrumb":{"@id":"https:\/\/www.comagricola.com\/de\/prodotto\/farben\/#breadcrumb"},"inLanguage":"de","potentialAction":[{"@type":"ReadAction","target":["https:\/\/www.comagricola.com\/de\/prodotto\/farben\/"]}]},{"@type":"ImageObject","inLanguage":"de","@id":"https:\/\/www.comagricola.com\/de\/prodotto\/farben\/#primaryimage","url":"https:\/\/www.comagricola.com\/wp-content\/uploads\/2020\/12\/Couleurs.jpg","contentUrl":"https:\/\/www.comagricola.com\/wp-content\/uploads\/2020\/12\/Couleurs.jpg","width":445,"height":352},{"@type":"BreadcrumbList","@id":"https:\/\/www.comagricola.com\/de\/prodotto\/farben\/#breadcrumb","itemListElement":[{"@type":"ListItem","position":1,"name":"Home","item":"https:\/\/www.comagricola.com\/de\/"},{"@type":"ListItem","position":2,"name":"Shop","item":"https:\/\/www.comagricola.com\/de\/shop\/"},{"@type":"ListItem","position":3,"name":"Farben"}]},{"@type":"WebSite","@id":"https:\/\/www.comagricola.com\/de\/#website","url":"https:\/\/www.comagricola.com\/de\/","name":"Green Europe Comagricola","description":"Semi e Fertilizzanti","publisher":{"@id":"https:\/\/www.comagricola.com\/de\/#organization"},"potentialAction":[{"@type":"SearchAction","target":{"@type":"EntryPoint","urlTemplate":"https:\/\/www.comagricola.com\/de\/?s={search_term_string}"},"query-input":{"@type":"PropertyValueSpecification","valueRequired":true,"valueName":"search_term_string"}}],"inLanguage":"de"},{"@type":"Organization","@id":"https:\/\/www.comagricola.com\/de\/#organization","name":"COMAGRICOLA GREEN EUROPE SRL","url":"https:\/\/www.comagricola.com\/de\/","logo":{"@type":"ImageObject","inLanguage":"de","@id":"https:\/\/www.comagricola.com\/de\/#\/schema\/logo\/image\/","url":"https:\/\/www.comagricola.com\/wp-content\/uploads\/2020\/12\/logo-comagricola.svg","contentUrl":"https:\/\/www.comagricola.com\/wp-content\/uploads\/2020\/12\/logo-comagricola.svg","width":"1024","height":"1024","caption":"COMAGRICOLA GREEN EUROPE SRL"},"image":{"@id":"https:\/\/www.comagricola.com\/de\/#\/schema\/logo\/image\/"},"sameAs":["https:\/\/it-it.facebook.com\/pages\/category\/Company\/Comagricola-Green-Europe-srl-1189465271123595\/"]}]}},"_links":{"self":[{"href":"https:\/\/www.comagricola.com\/de\/wp-json\/wp\/v2\/product\/12422","targetHints":{"allow":["GET"]}}],"collection":[{"href":"https:\/\/www.comagricola.com\/de\/wp-json\/wp\/v2\/product"}],"about":[{"href":"https:\/\/www.comagricola.com\/de\/wp-json\/wp\/v2\/types\/product"}],"wp:featuredmedia":[{"embeddable":true,"href":"https:\/\/www.comagricola.com\/de\/wp-json\/wp\/v2\/media\/12423"}],"wp:attachment":[{"href":"https:\/\/www.comagricola.com\/de\/wp-json\/wp\/v2\/media?parent=12422"}],"wp:term":[{"taxonomy":"product_brand","embeddable":true,"href":"https:\/\/www.comagricola.com\/de\/wp-json\/wp\/v2\/product_brand?post=12422"},{"taxonomy":"product_cat","embeddable":true,"href":"https:\/\/www.comagricola.com\/de\/wp-json\/wp\/v2\/product_cat?post=12422"},{"taxonomy":"product_tag","embeddable":true,"href":"https:\/\/www.comagricola.com\/de\/wp-json\/wp\/v2\/product_tag?post=12422"}],"curies":[{"name":"wp","href":"https:\/\/api.w.org\/{rel}","templated":true}]}}

[vc_row][vc_column width=&#8221;3/12&#8243;][vc_column_text]
<h4>Dosierung Säen</h4>
<p>von 2 bis 4 gr/qm[/vc_column_text][/vc_column][vc_column width=&#8221;9/12&#8243;][vc_column_text]
<table style="width: 100%; border-collapse: collapse; border-style: none;" border="0" cellspacing="0" cellpadding="0">
<tbody>
<tr>
<td style="width: auto; padding-right: 20px; border-style: none; vertical-align: top;">
<h4>ZUSAMMENSETZUNG</h4>
</td>
<th style="width: auto; padding-right: 20px; border-style: none; vertical-align: top;">
<h4></h4>
</th>
<td style="width: auto; padding-right: 20px; vertical-align: top; border-style: none;"></td>
</tr>
<tr>
<td style="border-style: none; width: 33%; padding-right: 20px; vertical-align: top;">Achillea millefolium<br />
Adonis aestivalis<br />
Alyssum maritimum/Lobularia<br />
<strong>Anthemis tinctoria</strong><br />
Anthuyllis vulneraria<br />
Antirrhinum majus<br />
<strong>Bellis perennis</strong><br />
Calendula officinalis<br />
<strong>Centaurea cyanus mix</strong></td>
<td style="border-style: none; width: 33%; padding-right: 20px; vertical-align: top;"><strong>Cerastium tomentosum</strong><br />
Cheiranthus cheiri<br />
Chrysanthemum segetum<br />
Dianthus carthusianorum<br />
Galium verum<br />
Hypericoum perforatum<br />
Lathyrus odoratus nain<br />
<strong>Leucanthemum vulgare</strong><br />
Linum perenne</td>
<td style="border-style: none; width: 33%; padding-right: 20px; vertical-align: top;"><strong>Linum grandiflorum</strong><br />
Lipinus perennis<br />
Malva moschata<br />
Nigella sativa<br />
Papaver rhoeas sauvage<br />
Ranunculus acris<br />
Salvia pratensis<br />
<strong>Saponaria ocymoides</strong></td>
</tr>
</tbody>
</table>
[/vc_column_text][/vc_column][/vc_row]

<h3>Ästhetik</h3>
<p>Eine Mischung aus 26 Blumen, die gekonnt für Finesse und schillernde Farben kombiniert wurden. Dank der Widerstandsfähigkeit und leichten Anpassungsfähigkeit der verwendeten Essenzen ist sie für alle Arten von Gelände geeignet.<br />
Benötigt wenig Bewässerung.</p>

<!-- This site is optimized with the Yoast SEO plugin v25.3.1 - https://yoast.com/wordpress/plugins/seo/ -->
<title>Farben - Comagricola Green Europe</title>
<meta name="robots" content="index, follow, max-snippet:-1, max-image-preview:large, max-video-preview:-1" />
<link rel="canonical" href="https://www.comagricola.com/de/prodotto/farben/" />
<meta property="og:locale" content="de_DE" />
<meta property="og:type" content="article" />
<meta property="og:title" content="Farben - Comagricola Green Europe" />
<meta property="og:description" content="Ästhetik Eine Mischung aus 26 Blumen, die gekonnt für Finesse und schillernde Farben kombiniert wurden. Dank der Widerstandsfähigkeit und leichten Anpassungsfähigkeit der verwendeten Essenzen ist sie für alle Arten von Gelände geeignet. Benötigt wenig Bewässerung." />
<meta property="og:url" content="https://www.comagricola.com/de/prodotto/farben/" />
<meta property="og:site_name" content="Comagricola Green Europe" />
<meta property="article:publisher" content="https://it-it.facebook.com/pages/category/Company/Comagricola-Green-Europe-srl-1189465271123595/" />
<meta property="article:modified_time" content="2021-05-31T07:58:49+00:00" />
<meta property="og:image" content="https://www.comagricola.com/wp-content/uploads/2020/12/Couleurs.jpg" />
	<meta property="og:image:width" content="445" />
	<meta property="og:image:height" content="352" />
	<meta property="og:image:type" content="image/jpeg" />
<meta name="twitter:card" content="summary_large_image" />
<script type="application/ld+json" class="yoast-schema-graph">{"@context":"https://schema.org","@graph":[{"@type":"WebPage","@id":"https://www.comagricola.com/de/prodotto/farben/","url":"https://www.comagricola.com/de/prodotto/farben/","name":"Farben - Comagricola Green Europe","isPartOf":{"@id":"https://www.comagricola.com/de/#website"},"primaryImageOfPage":{"@id":"https://www.comagricola.com/de/prodotto/farben/#primaryimage"},"image":{"@id":"https://www.comagricola.com/de/prodotto/farben/#primaryimage"},"thumbnailUrl":"https://www.comagricola.com/wp-content/uploads/2020/12/Couleurs.jpg","datePublished":"2020-12-16T12:27:02+00:00","dateModified":"2021-05-31T07:58:49+00:00","breadcrumb":{"@id":"https://www.comagricola.com/de/prodotto/farben/#breadcrumb"},"inLanguage":"de","potentialAction":[{"@type":"ReadAction","target":["https://www.comagricola.com/de/prodotto/farben/"]}]},{"@type":"ImageObject","inLanguage":"de","@id":"https://www.comagricola.com/de/prodotto/farben/#primaryimage","url":"https://www.comagricola.com/wp-content/uploads/2020/12/Couleurs.jpg","contentUrl":"https://www.comagricola.com/wp-content/uploads/2020/12/Couleurs.jpg","width":445,"height":352},{"@type":"BreadcrumbList","@id":"https://www.comagricola.com/de/prodotto/farben/#breadcrumb","itemListElement":[{"@type":"ListItem","position":1,"name":"Home","item":"https://www.comagricola.com/de/"},{"@type":"ListItem","position":2,"name":"Shop","item":"https://www.comagricola.com/de/shop/"},{"@type":"ListItem","position":3,"name":"Farben"}]},{"@type":"WebSite","@id":"https://www.comagricola.com/de/#website","url":"https://www.comagricola.com/de/","name":"Green Europe Comagricola","description":"Semi e Fertilizzanti","publisher":{"@id":"https://www.comagricola.com/de/#organization"},"potentialAction":[{"@type":"SearchAction","target":{"@type":"EntryPoint","urlTemplate":"https://www.comagricola.com/de/?s={search_term_string}"},"query-input":{"@type":"PropertyValueSpecification","valueRequired":true,"valueName":"search_term_string"}}],"inLanguage":"de"},{"@type":"Organization","@id":"https://www.comagricola.com/de/#organization","name":"COMAGRICOLA GREEN EUROPE SRL","url":"https://www.comagricola.com/de/","logo":{"@type":"ImageObject","inLanguage":"de","@id":"https://www.comagricola.com/de/#/schema/logo/image/","url":"https://www.comagricola.com/wp-content/uploads/2020/12/logo-comagricola.svg","contentUrl":"https://www.comagricola.com/wp-content/uploads/2020/12/logo-comagricola.svg","width":"1024","height":"1024","caption":"COMAGRICOLA GREEN EUROPE SRL"},"image":{"@id":"https://www.comagricola.com/de/#/schema/logo/image/"},"sameAs":["https://it-it.facebook.com/pages/category/Company/Comagricola-Green-Europe-srl-1189465271123595/"]}]}</script>
<!-- / Yoast SEO plugin. -->

Ästhetik Eine Mischung aus 26 Blumen, die gekonnt für Finesse und schillernde Farben kombiniert wurden. Dank der Widerstandsfähigkeit und leichten Anpassungsfähigkeit der verwendeten Essenzen ist sie für alle Arten von Gelände geeignet. Benötigt wenig Bewässerung.
